{"version":"1.0","provider_name":"Parti des Travailleurs - Vaucluse","provider_url":"https:\/\/pt84.fr","author_name":"Jacno","author_url":"https:\/\/pt84.fr\/index.php\/author\/admin4322\/","title":"Le front des travailleurs - Parti des Travailleurs - Vaucluse","type":"rich","width":600,"height":338,"html":"<blockquote class=\"wp-embedded-content\" data-secret=\"mrn74m7DKo\"><a href=\"https:\/\/pt84.fr\/index.php\/le-front-des-travailleurs\/\">Le front des travailleurs<\/a><\/blockquote><iframe sandbox=\"allow-scripts\" security=\"restricted\" src=\"https:\/\/pt84.fr\/index.php\/le-front-des-travailleurs\/embed\/#?secret=mrn74m7DKo\" width=\"600\" height=\"338\" title=\"\u00ab\u00a0Le front des travailleurs\u00a0\u00bb &#8212; Parti des Travailleurs - Vaucluse\" data-secret=\"mrn74m7DKo\" frameborder=\"0\" marginwidth=\"0\" marginheight=\"0\" scrolling=\"no\" class=\"wp-embedded-content\"><\/iframe><script type=\"text\/javascript\">\n\/* <![CDATA[ *\/\n\/*! This file is auto-generated *\/\n!function(d,l){\"use strict\";l.querySelector&&d.addEventListener&&\"undefined\"!=typeof URL&&(d.wp=d.wp||{},d.wp.receiveEmbedMessage||(d.wp.receiveEmbedMessage=function(e){var t=e.data;if((t||t.secret||t.message||t.value)&&!\/[^a-zA-Z0-9]\/.test(t.secret)){for(var s,r,n,a=l.querySelectorAll('iframe[data-secret=\"'+t.secret+'\"]'),o=l.querySelectorAll('blockquote[data-secret=\"'+t.secret+'\"]'),c=new RegExp(\"^https?:$\",\"i\"),i=0;i<o.length;i++)o[i].style.display=\"none\";for(i=0;i<a.length;i++)s=a[i],e.source===s.contentWindow&&(s.removeAttribute(\"style\"),\"height\"===t.message?(1e3<(r=parseInt(t.value,10))?r=1e3:~~r<200&&(r=200),s.height=r):\"link\"===t.message&&(r=new URL(s.getAttribute(\"src\")),n=new URL(t.value),c.test(n.protocol))&&n.host===r.host&&l.activeElement===s&&(d.top.location.href=t.value))}},d.addEventListener(\"message\",d.wp.receiveEmbedMessage,!1),l.addEventListener(\"DOMContentLoaded\",function(){for(var e,t,s=l.querySelectorAll(\"iframe.wp-embedded-content\"),r=0;r<s.length;r++)(t=(e=s[r]).getAttribute(\"data-secret\"))||(t=Math.random().toString(36).substring(2,12),e.src+=\"#?secret=\"+t,e.setAttribute(\"data-secret\",t)),e.contentWindow.postMessage({message:\"ready\",secret:t},\"*\")},!1)))}(window,document);\n\/\/# sourceURL=https:\/\/pt84.fr\/wp-includes\/js\/wp-embed.min.js\n\/* ]]> *\/\n<\/script>\n","description":"\u00c9ditorial de La Tribune des Travailleurs n\u00b0 458 du 25 septembre 2024\u00a0 Par Daniel Gluckstein L\u2019\u00e9ditorial des\u00a0\u00c9chos\u00a0refl\u00e8te g\u00e9n\u00e9ralement l\u2019\u00e9tat d\u2019esprit des cercles dirigeants du capital financier. Celui du 23\u00a0septembre ne tarit pas d\u2019\u00e9loges pour\u00a0\u00ab\u00a0le nouveau gouvernement(qui)\u00a0a de quoi rassurer le monde de l\u2019entreprise\u00a0\u00bb.\u00a0Les \u00c9chos\u00a0applaudissent\u00a0\u00ab\u00a0la m\u00e9thode\u00a0\u00bb, le\u00a0\u00ab\u00a0choix des personnalit\u00e9s\u00a0\u00bb, et surtout les\u00a0\u00ab\u00a0engagements pris par Michel Barnier &hellip; Continue reading","thumbnail_url":"https:\/\/pt84.fr\/wp-content\/uploads\/2024\/09\/IMG_1008.jpeg"}

Éditorial de La Tribune des Travailleurs n° 458 du 25 septembre 2024  Par Daniel Gluckstein L’éditorial des Échos reflète généralement l’état d’esprit des cercles dirigeants du capital financier. Celui du 23 septembre ne tarit pas d’éloges pour « le nouveau gouvernement(qui) a de quoi rassurer le monde de l’entreprise ». Les Échos applaudissent « la méthode », le « choix des personnalités », et surtout les « engagements pris par Michel Barnier &hellip; Continue reading
